v be j(9). Let h = 204 - v. Let s = h - 85. What is the greatest common factor of s and 16?
16
Let o be 48/20 - (-4)/(-10). Suppose -o*r = -4*b - r + 9, 5*b - 30 = -5*r. Suppose b*d = -0*d + 15. What is the greatest common divisor of 10 and d?
5
Let r(o) = 9*o - 8. Let z(a) = -a**2 + 11*a + 8. Let p be z(12). Let i be r(p). Let c be 2 + 6*i/(-8). What is the greatest common divisor of 7 and c?
7
Let g be (54/(-30))/((-2)/90). Let i = g + -51. Calculate the greatest common divisor of 45 and i.
15
Let m(z) = z + 2*z - 5*z - 30 + 0*z - 9*z**2 - z**3. Let a be m(-10). Calculate the highest common factor of a and 36.
18
Let h(a) = -a**2 + 4*a - 1. Suppose 3 = 2*x - 1. Let j be h(x). Suppose -j*w + 10 = -w. What is the highest common divisor of w and 55?
5
Let b(r) be the first derivative of -r**4/4 - 2*r**3 + 3*r**2/2 - 10*r + 20. Let g be b(-7). What is the greatest common divisor of g and 54?
18
Suppose 0 = 6*j - 2*j - 20. Suppose -j = -i + 25. Let k(q) = -q**3 + q**2 + 5*q + 150. Let f be k(0). Calculate the greatest common factor of i and f.
30
Let n = -758 + 788. What is the greatest common divisor of n and 60?
30
Let c = -12 + 27. Let p be (-11 + (0 - -1))/(-2). Let y(h) = 3*h. Let n be y(p). What is the greatest common factor of n and c?
15
Let k(m) = m**2 + 30*m + 93. Let q be k(-27). Let z be (-3 + 4 - -1)*1. Let t be (-3)/z*(-8)/4. Calculate the highest common factor of q and t.
3
Suppose 0 = 8*r - 3*r + 3*k - 600, 4*r - 458 = 2*k. Calculate the greatest common divisor of r and 26.
13
Let p be (16*-1)/((-22)/88). Calculate the highest common factor of 1 and p.
1
Let x = -748 + 948. Calculate the highest common divisor of x and 360.
40
Suppose -5*z + 270 = -t, 2*z + 5*t - 103 = -22. Calculate the greatest common factor of z and 371.
53
Let l(v) = -7*v - 7. Let f be l(-2). Let a(j) = -j**2 + 9*j + 4. Let g be a(f). Let o be 276/g - (-2)/3. Calculate the highest common factor of 80 and o.
16
Suppose 7*i - 2*i = -3*s + 425, i + 4*s = 68. Let t be (-12)/(-30) - 4932/(-20). Let a = 255 - t. What is the greatest common factor of i and a?
8
Let w(v) = 5 - v**2 - 671*v + 1 + 663*v. Let o be w(-5). What is the highest common divisor of 21 and o?
21
Let o(s) be the first derivative of -1/4*s**4 - 3/2*s**2 - 2 + 7/3*s**3 - 5*s. Let h be o(6). Calculate the highest common factor of h and 117.
13
Suppose 6*x - 572 = 5*x + 4*v, x + 5*v - 572 = 0. Calculate the highest common factor of x and 52.
52
Let i = 1696 - 1582. Calculate the highest common factor of i and 66.
6
Let g = 7 - 12. Let c be ((-8)/g)/((-9)/(-45)). Let w(d) = 2*d - 1. Let j be w(c). Calculate the greatest common divisor of j and 15.
15
Let q(u) be the first derivative of -u**4/4 - 3*u**3 - 4*u**2 + 6*u - 8. Let g be q(-8). What is the highest common factor of g and 30?
6
Suppose 6 + 10 = s + 4*d, s + 5*d = 20. Suppose -3*i + 80 + 100 = s. Let f be (1 - -35*1) + 4. What is the greatest common factor of i and f?
20
Let t = -12499 + 12517. Suppose -33 + 6 = -c. What is the highest common divisor of c and t?
9
Suppose 0 = -17*u + 143 + 741. Let l be (-9)/15 + 393/5. Calculate the highest common divisor of u and l.
26
Suppose 87 - 286 = -2*i + 5*s, 3*i - 309 = -3*s. Calculate the greatest common factor of 153 and i.
51
Suppose -110*t + 663 = 333. Let f(n) = n**3 - n**2 + 3*n - 3. Let y be f(2). Let g(k) = 3*k + 6. Let z be g(y). Calculate the highest common divisor of t and z.
3
Suppose 5*u + l = 37, 0 = -3*u + 4*l + 9 + 4. Suppose 258 = 2*x + y, u*x - 5*y = 3*x + 502. What is the greatest common divisor of x and 16?
16
Suppose -3*v - 11*h + 9*h = -113, -v + 36 = h. Calculate the greatest common divisor of v and 123.
41
Suppose 5*w - 2556 = o + o, w - 522 = -5*o. Suppose 5*m + 17 = w. What is the greatest common factor of m and 33?
33
Let y be (-4068)/(-45) - (-3)/60*-8. Calculate the highest common factor of 306 and y.
18
Let q = -234 + 246. Calculate the greatest common factor of q and 27.
3
Let o = 78 - -24. What is the greatest common divisor of o and 34?
34
Let u = 13974 + -13964. Suppose 3*p - 180 = -0*p. Let v = 20 + p. Calculate the highest common divisor of v and u.
10
Let l(h) = h**3 - h**2 - h + 10. Let y be l(0). Calculate the greatest common divisor of 1030 and y.
10
Let t = 1676 - 1136. Suppose 5*o = o + t. What is the highest common factor of 15 and o?
15
Suppose -2*j + 18 + 60 = 0. Calculate the greatest common factor of 143 and j.
13
Suppose 64*p - 65*p - 121 = -d, -2*d - 5*p = -228. Calculate the highest common factor of 1547 and d.
119
Let l(a) = a**2 - 11*a + 41. Let w be l(9). Calculate the greatest common divisor of 92 and w.
23
Let s be 1/(2 + (-18)/12). Suppose 14 + 46 = s*l. What is the highest common divisor of 30 and l?
30
Let d(o) = -8*o + 77. Let l be d(7). What is the highest common divisor of l and 21?
21
Suppose -98*z = -96*z - 12. What is the highest common factor of 42 and z?
6
Let u = -622 + 1042. What is the highest common factor of 135 and u?
15
Let a(u) = 14*u**3 - 2*u**2 + 2. Let r be a(1). Calculate the highest common divisor of 28 and r.
14
Let z = -43 - -38. Let d be (-2)/z + 1166/10 + 3. What is the highest common divisor of d and 24?
24
Let q(j) = 5*j - 39*j**2 - 17*j**2 + 78*j**2 + 3. Let m be q(-1). Calculate the greatest common divisor of m and 160.
20
Let t be (((-135)/(-10))/(-9))/((-9)/132). Calculate the greatest common factor of t and 88.
22
Let i(o) = o**3 + 5*o**2 - o + 4. Let d be i(-5). Suppose 0*w + 3*w = d. Calculate the greatest common factor of w and 3.
3
Let d = 326 + 282. What is the highest common divisor of 19 and d?
19
Let b(k) = -8*k**2 - 4*k - 6. Let t be b(8). Let s be (4/10)/(2748/t + 5). What is the highest common factor of 22 and s?
22
Let k be (4 - 3)/((-3)/(-12)). Let m be 16 - (28/7)/(k/1). What is the greatest common factor of m and 30?
15
Suppose -5*p + 874 = 414. What is the highest common divisor of p and 506?
46
Suppose -z + 57 = -3*k, -225 = -4*z + k - 30. Suppose 11*v - 7*v = 24, 0 = x - 5*v + 18. Calculate the greatest common factor of x and z.
12
Let s = -39 + 118. Suppose 2*a + 2*c - s = 97, -2*a = 5*c - 167. What is the greatest common factor of 13 and a?
13
Let z = 1138 + -1122. What is the greatest common factor of 2384 and z?
16
Let k(p) = 61*p**2 - p - 2. Let j be k(-1). Calculate the highest common divisor of 140 and j.
20
Let a = -11 + 15. Suppose 8 - 16 = -a*v. Suppose -v*d - p + 90 = 0, 2*p - 38 = -2*d + 54. Calculate the greatest common factor of 11 and d.
11
Suppose -4*v - 2 = -3*v. Let u(q) = -10*q - 9. Let k be u(v). Calculate the highest common divisor of 33 and k.
11
Suppose 410 - 77 = 9*n. Calculate the highest common factor of n and 111.
37
Suppose 0 = -5*a - 2*f + 16, 3*f - 24 = -5*a + 5*f. What is the greatest common divisor of 8 and a?
4
Let d = 91 + -72. Suppose -18*n = -d*n + 5. What is the highest common factor of 5 and n?
5
Let j(l) = -91*l**2 - 15*l + 15. Let y(w) = -46*w**2 - 8*w + 8. Let v(x) = -6*j(x) + 11*y(x). Let k be v(1). Calculate the greatest common factor of 5 and k.
5
Let f(g) be the third derivative of 0*g + 0 - 1/24*g**4 - 4*g**2 + 2/3*g**3. Let p be f(0). Calculate the highest common divisor of 1 and p.
1
Let d be ((-4)/6*15)/((-1)/2). Suppose 22*t = d*t + 34. What is the highest common divisor of 272 and t?
17
Let n = 240 + 78. Calculate the greatest common factor of n and 3.
3
Let q = 34 - 32. Let g be (333/6)/(1/q). What is the highest common factor of 37 and g?
37
Let h(u) = u**3 + 7*u**2 + 5*u - 2. Let p be h(-5). Suppose -1 = -3*c + p. Let i be ((-6)/6)/((-3)/24). Calculate the highest common divisor of i and c.
8
Suppose -3*i = -8 + 2. Let q be 4/i*(-330)/(-4). Calculate the highest common divisor of q and 15.
15
Let m(y) = y + 5. Let x be m(-7). Let u(n) be the second derivative of -43*n**3/6 - 3*n**2 + n. Let i be u(x). What is the greatest common factor of 8 and i?
8
Let t(a) = 2*a**3 - a**2 - 15*a + 39. Let q be t(3). Calculate the highest common factor of q and 6.
3
Let c(y) = 120*y - 15. Let i be c(3). Calculate the highest common divisor of 75 and i.
15
Suppose -2*u + 30 = 2*g + 2, -2*u - g + 29 = 0. Suppose -o + u - 2 = z, 2*o - 23 = -z. Calculate the greatest common factor of o and 50.
10
Suppose -3*d - 109 = -4*h, 74 = 5*h - 2*d - 64. Calculate the